ppose 10*n = j*n + 378. What are the prime factors of n?
2, 3
Suppose -5*s + 3*s = 5*o - 19, -s - o + 17 = 0. What are the prime factors of s?
2, 11
Let g be (-4)/(-14) + (-75)/(-7). Let a be (-2)/g + 870/66. Suppose 0 = 3*h + w - a - 1, 2*w + 16 = 5*h. What are the prime factors of h?
2
Let q = 14 - 6. Suppose -3*r + q*r - 15 = 0. List the prime factors of r.
3
Let g(d) = -d - 7 + 2*d**2 + 3*d - 4*d**2 + 2*d. Let h(b) = -3*b**2 + 4*b - 8. Let v(x) = -4*g(x) + 3*h(x). List the prime factors of v(-4).
2
List the prime factors of 31 + (-1 + -2 - -3).
31
Suppose 4*x + 6 = 7*x. What are the prime factors of x?
2
List the prime factors of (-20635)/(-75) + 4/(-30).
5, 11
Let o(k) = -4*k - 6 - k - 4. Let u be o(-7). Suppose c + u = 4*p, 5*c + 25 = -0*c. List the prime factors of p.
5
Let h = 91 - 13. List the prime factors of h.
2, 3, 13
Let i = 116 - 67. List the prime factors of i.
7
Let q = -3 + 5. Suppose 4*z = -3*s + 151, -2*z + s - q*s + 77 = 0. Suppose -t - z = -5*t. List the prime factors of t.
2, 5
Suppose 0 = -40*w + 38*w + 20. List the prime factors of w.
2, 5
Let r = 197 - 95. List the prime factors of r.
2, 3, 17
Suppose 7 = 3*n + 1. Let q(j) = -5*j**3 - j**2 - j - 1. Let t be q(-1). Suppose 40 = t*x - b + n*b, 0 = 2*x - 2*b - 20. What are the prime factors of x?
2, 5
Let p = -4 - -10. Suppose 12 = p*w - 3*w. List the prime factors of w.
2
Let n(k) = -33*k + 60. List the prime factors of n(-5).
3, 5
Let g = 45 + -31. What are the prime factors of g?
2, 7
Let t(k) = -3*k**3 + 4*k**2 + 4*k - 1. What are the prime factors of t(-3)?
2, 13
Let j be 7 - -2*2/(-2). Suppose -3*x - 4*f - 6 + 27 = 0, f = j*x - 35. What are the prime factors of x?
7
Let p be (10/(-6))/(3/(-9)). Suppose 4*j = 4*h - 175 - 117, -h = -5*j - 85. Suppose -5*w - h = -p*g, -g - w + 14 = -0*g. List the prime factors of g.
2, 7
List the prime factors of 1480/24 - 1/(-3).
2, 31
Suppose -5*i - 89 + 444 = 0. List the prime factors of i.
71
Suppose -5*h + 272 + 208 = 0. Let d = -68 + h. List the prime factors of d.
2, 7
Let t = -3 - -6. Let c = 15 - t. What are the prime factors of c?
2, 3
Suppose -4*y = -3*i - i + 1524, -3*y - 375 = -i. What are the prime factors of i?
2, 3
Suppose 28 = v - 5*a, -4 = 3*a + 8. Let m = v + -8. Suppose -2*i + m*u + u = -41, 28 = i - 3*u. What are the prime factors of i?
19
Suppose 0 = -2*w - 25 + 71. Suppose -5 + w = -3*i. Let n = i + 16. List the prime factors of n.
2, 5
Let i = -18 - -75. Suppose 3*h + 0*h + 2*a = i, -82 = -5*h + a. What are the prime factors of h?
17
Suppose 0 = 4*n - 5*g - 272, -4*n + 2*n = 3*g - 158. What are the prime factors of n?
73
Let n = 45 - 39. What are the prime factors of n?
2, 3
Suppose 5*g - 9*g = 0. Let v(q) = -2*q**2 + 6. List the prime factors of v(g).
2, 3
Let n(j) = j**3 + 4*j**2 - 6*j + 5. Let m = -3 + 5. Let t be 2/m + -2 + -4. What are the prime factors of n(t)?
2, 5
Let c = 125 - 117. List the prime factors of c.
2
Suppose -121 = u - 388. List the prime factors of u.
3, 89
Suppose 4 + 4 = 4*u. Let t(s) = 6*s - 1. Let x be t(u). Suppose x = b + k, 6 = -3*b + 5*k - 1. What are the prime factors of b?
2, 3
Let j(w) = -2*w - 4. Let r be j(-9). List the prime factors of (-7)/(r/8) - -48.
2, 11
Suppose 2*o - 29 = -3*m + 230, -4*o = -8. Let n = m + -140. List the prime factors of (-2)/11 + (-285)/n.
5
Let t(l) = 18*l - 6. Let c be t(-3). Let u be (-40)/(-6)*(-6)/(-4). List the prime factors of 12/u*c/(-8).
3
Suppose 2*v - 102 = -0*v + 4*c, v = 4*c + 43. List the prime factors of v.
59
Suppose -2 - 2 = 4*n, -c + 4*n = -6. Suppose b = r - 18, b + 64 = c*r + r. What are the prime factors of r?
23
Let r(a) = 8*a - 13. List the prime factors of r(8).
3, 17
Let a(y) = -3*y + 1. List the prime factors of a(-5).
2
Let b(o) = 5*o - 34. What are the prime factors of b(15)?
41
Let y be 4/16 - 11/(-4). Suppose 5*m + y = -3*o + 4, 4*m = -3*o - 1. Suppose -2*q - 5 - 11 = -f, 3*f = m*q + 28. What are the prime factors of f?
2, 3
Suppose -i + 2 = -1. Suppose i = 3*w + 3*j, -3 = 2*w + j - 6. List the prime factors of w.
2
Let g(f) = 10*f**2 + f + 1. Let x be g(3). Suppose -2*s + x = -2*z, -3*s + 63 = -4*z - 73. Suppose -5*t - 2*b = -s, -4*b = t - b. List the prime factors of t.
2, 3
Suppose 4*n - 92 = 5*h, 2*n + 8 = -2*n. List the prime factors of (-8)/h - (-86)/10.
3
Let w(h) = -h**3 - 11*h**2 - 9*h + 12. Let u be w(-10). Suppose -d + u*s = -23, -d + 27 = -0*d - s. List the prime factors of d.
31
List the prime factors of (6/(-5))/(27/(-180)).
2
Suppose 20 + 324 = 4*x. Suppose -3*t + 2*i = -54, 7*t + 2*i - x = 3*t. Let s = -12 + t. What are the prime factors of s?
2
Let q(a) = a**3 + 10*a**2 + 3. Suppose 0 = 2*z - 4*s + 9 - 1, 2*z + 14 = 2*s. What are the prime factors of q(z)?
3
Let c(l) = -l**3 + 9*l**2 - 5*l + 7. Let q be c(8). Suppose 4*x = -4*s + 132, s + 0*x = -3*x + q. What are the prime factors of s?
2, 17
Let c(u) = -33*u**3 + u**2 + u. Let t be c(-1). Suppose t = 4*m - 75. List the prime factors of m.
3
Let q be (4 + -1)/(3/2). Let m be -5 - -3 - (-27 - -1). Suppose m = q*z + z. List the prime factors of z.
2
Let k = 2 + 2. Suppose -k*c + 22 = 3*m, -3*c - 6*m + 2*m + 13 = 0. What are the prime factors of c?
7
Let h = 1091 - 770. List the prime factors of h.
3, 107
Suppose -4*l + 275 = 5*c + l, 5*c - 4*l = 257. What are the prime factors of c?
53
Suppose 3*r + 5*b = 2*b + 12, -5*b + 5 = 2*r. What are the prime factors of 94/r + (-16)/20?
2, 3
Suppose 5*b + 5*s = -20, 0*s - 4*s = 16. Let q be -1*(1 - b)*1. List the prime factors of (-1)/q + 0 + 2.
3
List the prime factors of 224/(((-4)/(-6))/((-18)/(-27))).
2, 7
Let w = -45 + 477. What are the prime factors of w?
2, 3
What are the prime factors of 3*-1 - (-245 + (-15)/(-5))?
239
Let n be (-2)/(-7) - 104/(-28). Suppose -g - 2*g - q + 53 = 0, n*g + 2*q - 72 = 0. What are the prime factors of g?
17
Let z(x) = x**3 - 8*x**2 + 3*x + 14. List the prime factors of z(8).
2, 19
Suppose 0 = -g - 0*g + 51. Suppose 8*v - g = 5*v. List the prime factors of v.
17
Let x(s) = 31*s - 22. What are the prime factors of x(4)?
2, 3, 17
Suppose -3 = -3*b - 0*b. What are the prime factors of -6*((-100)/12 + b)?
2, 11
List the prime factors of (5 - (-3 - 66))*15/6.
5, 37
Let o(z) = 2*z**2 - 4*z + 4. Let f(r) = -r**2 - 6*r + 10. Let g be f(-7). What are the prime factors of o(g)?
2, 5
Suppose 5*t - 3*l + 128 = 0, -5*t = 3*l + 58 + 64. Let r(k) = -7*k - 14. Let z be r(-7). Let y = z + t. List the prime factors of y.
2, 5
What are the prime factors of -2 + (3 - 1) - -78?
2, 3, 13
Suppose 0 = -107*j + 108*j - 160. List the prime factors of j.
2, 5
Let k(t) = -t + 2. Let n be k(-2). Suppose 0 = -2*c - w + 21, -4*c + n*w - 4 = -2*c. List the prime factors of c.
2
Let l(m) = -2. Let g(k) = -k. Let o(z) = 6*g(z) - 2*l(z). List the prime factors of o(-5).
2, 17
Let m = -26 + 9. Let c be (m/(-1) - 2) + 3. List the prime factors of (-40)/15*c/(-4).
2, 3
Let d be 32/24*(-141)/(-2). Suppose 5*q + 3*l - 115 = -2*l, -4*q - 2*l + d = 0. List the prime factors of q.
2, 3
Let j(v) = -17*v. Let b(g) = g**3 + 3*g**2 - 2*g - 4. Let z be b(-3). Let s be 4/z*4/(-8). List the prime factors of j(s).
17
Suppose 32 = -2*q + 6*q. Let h be q + 2 - 0/3. List the prime factors of (-4)/(-6) + h/3.
2
Suppose 3*k + 114 - 810 = 0. What are the prime factors of k?
2, 29
Let b = 61 - 38. List the prime factors of b.
23
Suppose -2*r = -0*f - 2*f - 348, -f - 353 = -2*r. List the prime factors of r.
179
What are the prime factors of (-1450)/(-15)*9/6?
5, 29
Suppose d - 2*n = -d + 32, 88 = 5*d + 3*n. List the prime factors of d.
17
Let s be 11/(-3) + 6/9. Let k(r) = -3*r**3 - 3*r**2 - r - 3. Let i be k(s). Suppose 4*x - i = -6. What are the prime factors of x?
2, 3
Suppose 0 = -y - y. Let f(m) = m**3 - 2*m**2 + m + 27. List the prime factors of f(y).
3
Suppose 0 = -3*y - 2*q + 2, -y - 4 = 3*q. Suppose -3*a + 2*c = -14, -3*a + c + 14 = y*a. What are the prime factors of a?
2
Let o(t) = 5*t + 1. Let w = 3 - 3. Let q = 1 - w. What are the prime factors of o(q)?
2, 3
Let c = -38 + 163. What are the prime factors of c?
5
Suppose -145 = -2*o + 6*f - 3*f, 0 = o - 5*f - 69. What are the prime factors of o?
2, 37
Let c = -1 - -12. Let l(x) = -x**3 + 4*x**2 + 4*x + 6. Let q be l(5). Let r = c + q. List the prime factors of r.
2, 3
Suppose